t h(u) = -2*u + 2. Let t be (-116)/14 - 12/(-42). Suppose 5*a - 4*n - 182 = 0, n + 82 + 23 = 3*a. What is the remainder when a is divided by h(t)?
16
What is the remainder when 169 is divided by (-3 - (-42)/15) + 528/15?
29
Let a(j) = 4*j**2 + 10*j + 8. Let d(m) = -5*m**2 - 11*m - 8. Let g(u) = 4*a(u) + 3*d(u). Let w = -2 - -4. What is the remainder when g(-6) is divided by w?
0
Suppose -3*q = n - 21, q - 31 = -5*n + 2*n. Suppose 0 = -3*h + w + w + 47, 2*w = -4*h + 58. What is the remainder when h is divided by n?
6
Let o = 28 - 39. Let c = 14 + o. Let s = c + 17. Calculate the remainder when 58 is divided by s.
18
Let q = -12 + 10. What is the remainder when 11 is divided by (5 + q + -5)*-2?
3
Let s = -3 - -3. Suppose -g + 5*g - 4 = 0, -3*m - g + 7 = s. Suppose m*f + 2*f - 32 = 0. Calculate the remainder when 22 is divided by f.
6
Let u(c) = c**2 + 12*c + 4. Let t be u(-12). Suppose -t*s + 3 = -3*s. Calculate the remainder when 4 is divided by s.
1
Let v = -521 - -534. Let j = -13 - -21. What is the remainder when v is divided by j?
5
Let l be ((-5)/(-2) + -2)*52. Let p = l + -14. Let j(a) = 3*a**2 - 2*a + 2. Calculate the remainder when j(3) is divided by p.
11
Suppose 3*f + 5 = 35. Calculate the remainder when 542/14 - 2/(-7) is divided by f.
9
Let u(o) be the third derivative of o**5/60 + o**4/12 - o**3/2 - o**2. Calculate the remainder when (21 - (0 - 1))/(45 - 44) is divided by u(-5).
10
Suppose -4*g = -2*g - 10. Let f be -2 - -1 - g/(-1). Suppose -4*z = 3*u + 6, 2*u + 11 = -f*z + 3. What is the remainder when u is divided by 1?
0
Suppose 5*a = -0*a + 50. What is the remainder when (-78)/52*(-58)/3 is divided by a?
9
Let b be 47/(-7) + 10/(-35). Let f(h) = -h - 5. Let l be f(b). Suppose 2*o + 3*m = 6, -2*m = -3*o + 33 + l. What is the remainder when o is divided by 5?
4
Suppose l - 8 = -4*j, 3 + 16 = 3*j + 4*l. Let f(a) = -a**2 + 9*a + 1. Let n be ((-2)/6)/((-2)/54). What is the remainder when f(n) is divided by j?
0
Let z(s) = 28*s - 15. Let b be z(6). Let p = b + -103. Calculate the remainder when p is divided by 13.
11
Let t(n) = n**3 - 5*n**2 + n - 2. Suppose 11 = 4*s - 5. Let a = 6 - s. What is the remainder when t(5) is divided by a?
1
Suppose 0 = -l + 2, 5*i - 3*l - 138 = 46. Calculate the remainder when i is divided by 20.
18
Let m = 81 + -128. Let r = 74 + m. Calculate the remainder when 52 is divided by r.
25
Suppose 1 + 2 = j. Let c(k) = 24*k + 243. Calculate the remainder when j is divided by c(-10).
0
Let p(q) = -3*q**3 - 5*q**2 - 3*q + 4. Calculate the remainder when 165 is divided by p(-2).
11
Suppose 0*b - b - 4*q = -1, -5*q = 5*b - 35. What is the remainder when b is divided by 2?
1
Let d(j) = j**2 - 8*j + 13. Let n be d(5). Let s(p) = -2*p - p**3 - 3 + 2 - p**3. Calculate the remainder when s(n) is divided by 10.
9
Let c = 81 + -42. Calculate the remainder when c is divided by 7.
4
Let r(o) = -o**2 + 5*o + 6. Let a be r(6). Suppose a = 3*t + 47 - 167. Suppose s + s - t = 0. Calculate the remainder when 38 is divided by s.
18
Let a(x) = -x**3 + 10*x**2 + 11*x + 4. Let k be a(11). Suppose 0*v + k*o - 36 = -v, 126 = 4*v - 2*o. What is the remainder when v is divided by 17?
15
Suppose q + 3 = 6. Let p(g) = g. Let r be p(q). Suppose w + 14 = -5*k, -r - 2 = w + 2*k. What is the remainder when 2 is divided by w?
0
Let z(y) = -3*y**2 - 24*y - 2. Let s(p) = p**2 + 8*p + 1. Let x(b) = -7*s(b) - 2*z(b). Let k be 2/7 - 111/21. What is the remainder when x(k) is divided by 7?
5
Suppose 3*a = -2*v - 2*v + 299, 5*v - 4*a - 335 = 0. Let p = v + -26. Calculate the remainder when p is divided by 16.
13
Suppose -50 = -5*y + 10. Let j = 4 - 2. Suppose -j*u = u - 66. Calculate the remainder when u is divided by y.
10
Let c(w) = w**2 - 4*w - 6. Suppose -3*m + 117 = 5*x + 39, -x = -3. What is the remainder when m is divided by c(6)?
3
Let s(g) = g**3 + 5*g**2 - 7*g + 3. Suppose -5*h + 4*d + 56 = -2*h, -3*d + 10 = h. What is the remainder when h is divided by s(-6)?
7
Let y = -15 - -46. Suppose -a = -3*a + 32. What is the remainder when y is divided by a?
15
Let q(y) = 3*y**2 - 7*y + 18. Let r = 2 + -7. Let w(c) = -c**2 + 3*c - 9. Let m(n) = r*w(n) - 2*q(n). Calculate the remainder when 17 is divided by m(0).
8
Let x = -14 - -20. Let u(k) = -k**2 + 8*k + 3. What is the remainder when u(x) is divided by 6?
3
Let v(c) = -c**2 + 15*c - 16. Calculate the remainder when -1 + -1 - (3 - 34) is divided by v(13).
9
Let c(f) be the first derivative of 4*f - 4*f + 2*f**2 - 2. What is the remainder when c(5) is divided by 11?
9
Suppose 2*n + 88 = 6*n. What is the remainder when 62 is divided by n?
18
Let g(z) = 2*z**3 - 3*z**2 + 5*z - 2. What is the remainder when 159 is divided by g(3)?
39
Let q = 70 + -56. Let d = 94 - 54. Calculate the remainder when d is divided by q.
12
Suppose -8*k + 4 = -7*k. Suppose 2*a - 6 = 4*i, k*a - 4*i = 3 + 5. What is the remainder when 3 is divided by a?
0
Let s = 10 - 5. Suppose 2*m + 5*x = 25, -5*m - 5*x = 1 - 26. Suppose m*f + f - s = 0. Calculate the remainder when 9 is divided by f.
4
Suppose 3*m = 20 - 8. What is the remainder when 122 is divided by m?
2
Suppose -3*m - 2*l + 73 = -0*m, -3*m + 71 = l. Calculate the remainder when m is divided by 12.
11
Let l = 110 + 12. What is the remainder when l is divided by 31?
29
Calculate the remainder when 122 is divided by 4 + (6/(-10) - (-73)/5).
14
Suppose -33*v + 35*v = 110. Calculate the remainder when 163 is divided by v.
53
Let g = 5 + 12. What is the remainder when g is divided by 6?
5
Suppose 7 - 35 = -p. Let b be (2 + -7 - 0)*-1. Let r(f) = 3*f - 5. What is the remainder when p is divided by r(b)?
8
Let h(j) = 8*j - 2. What is the remainder when 41 is divided by h(3)?
19
Suppose u = -3*u - 56. Let h = u - -24. What is the remainder when 17 is divided by h?
7
Let x(t) = -t**3 + 9*t**2 - 7*t - 4. Let j = 27 + -6. Calculate the remainder when x(6) is divided by j.
20
What is the remainder when (5/(-3) + 1)*(-17 + 2) is divided by 2?
0
What is the remainder when (-45)/(-18)*(-1 + (63 - 0)) is divided by 12?
11
Let r = -48 - -97. Let v = 2 + 24. Calculate the remainder when r is divided by v.
23
Let d be 15*(2 - 8/6). Let o = -5 + d. What is the remainder when o is divided by (0 + 2 - 0) + 1?
2
Let i = -3 - -1. Let o(r) = -5*r - 2. Calculate the remainder when o(i) is divided by -4 - -6 - (-3)/1.
3
Let d = -5 + 10. Suppose 0 = l + 4*g - 49, 2*l = d*g - g + 74. Calculate the remainder when l is divided by 11.
8
Suppose -3*h - h + 144 = 0. Suppose 2*y - 2*d - 28 = 0, -5*d + 10 = 3*y - 24. What is the remainder when h is divided by y?
10
Let l = -140 + 167. What is the remainder when 76 is divided by l?
22
Let k = -3 - -90. Calculate the remainder when k is divided by 45.
42
What is the remainder when 50 is divided by (-54)/(-4) + 1/(-2)?
11
Let x = 14 - 3. Let u(j) = -10*j + 1. What is the remainder when u(-3) is divided by x?
9
Let u(b) = -b**2 - 11*b - 8. Calculate the remainder when u(-9) is divided by 6.
4
Let h(q) = -q**3 - q**2 + q + 8. Let j be h(0). What is the remainder when 103 is divided by (156/(-8))/((-6)/j)?
25
Let h = 34 + 4. Calculate the remainder when h is divided by 13.
12
Let q be -3*((-8)/6 + 2). Calculate the remainder when 19 is divided by (-4)/(-3*q/(-15)).
9
Let c(p) = 2*p + 8*p**2 - 3*p + 2 - p**2. Let h(v) = v**2 + 7*v + 4. Let j be h(-6). Calculate the remainder when c(j) is divided by 11.
10
What is the remainder when 24 is divided by (2 + -7 + 11)*6/4?
6
Let a = 8 - 6. What is the remainder when 23 + (-3 - -6 - a) is divided by 14?
10
Let h = -4 - -5. Suppose 4*o - 3*o = h. Let a(n) = 2*n**2 - n + 1. Calculate the remainder when a(o) is divided by 1.
0
Let l = -1 + 14. Let f = 32 + -24. What is the remainder when l is divided by f?
5
Let z = 21 - 16. Calculate the remainder when 13 is divided by z.
3
Suppose 5*r = -42 + 77. Suppose 2*k = 24 + 8. Suppose 3*t = i - k, -t + 0*t = 4. Calculate the remainder when r is divided by i.
3
Let s(l) = 5*l**2 - l. Let j be 40/18 - (-4)/(-18). Let p = j + 68. Calculate the remainder when p is divided by s(2).
16
Let b(s) = -s**2 + 16*s + 16. Let i be b(12). Let n = -46 + i. Calculate the remainder when n is divided by 10.
8
Suppose 18 = 4*v + 2. Suppose v*l + 68 = 4*q, -7 = -4*l + 1. Suppose -2*d = -7*d 